rivative of z**4/12 + z**3/6 + z**2/2 + 5*z. Let o = 3 - 4. Calculate n(o).
1
Suppose -49*q + 14 = -51*q. Let z(t) be the second derivative of t**5/20 + t**4/2 - 4*t**3/3 - 5*t**2/2 - t. Calculate z(q).
2
Let v(c) be the third derivative of c**8/6720 + c**7/420 + c**6/720 - 7*c**5/120 + c**4/24 + c**2. Let p(q) be the second derivative of v(q). Determine p(-5).
13
Suppose -n = 0, 7 + 3 = 2*m + 3*n. Suppose 9 = m*z - 11. Suppose -10 = -z*x - 2. Let w(y) = -y**2 + 3*y - 2. Give w(x).
0
Let y be 2/(2 + (-12)/9). Let w(p) = p**2 - 3*p + 2. What is w(y)?
2
Let i(p) be the second derivative of -p**3/6 + p**2/2 + 37*p. Let l be (2/2)/((-1)/3). Determine i(l).
4
Let c(x) = x**3 + 2*x**2. Let a = 5 + -13. Let r = -10 - a. Determine c(r).
0
Let y(g) = 6*g**2 + 4. Let p(w) = -7*w**2 - 4. Let t(n) = 5*p(n) + 6*y(n). Suppose 3*o = -0*o. Suppose 0 = -o*k - 3*k. Determine t(k).
4
Suppose 3*c - 4 - 2 = 0. Let p(o) = 2 - 6 - c*o**2 + 4*o - 2*o**2 + 5*o**2. Give p(-5).
1
Let f(y) = y + 5. Let n be f(-4). Let r(m) = -4*m + 1. Determine r(n).
-3
Let t be (-16)/(-20)*10/4. Suppose t*q - 25 = 7*q. Let v(a) = a**2 + 4*a - 6. What is v(q)?
-1
Let f be ((-4)/8)/((-1)/4). Let l(n) = n**3 - n**f + n - 6*n**2 + 8 + 3*n. Suppose -2*o = -5*o + 18. Give l(o).
-4
Let o(z) = 2*z. Let w(q) = 5*q - 4. Let k be w(7). Suppose 3*v = -f + 6*f - 45, -f + 5*v + k = 0. Suppose -8 = b - g, b = f*b - g + 20. Calculate o(b).
-6
Let n(q) = -7*q**2 - 3*q + 4. Let f(y) be the first derivative of -y**3 - y**2 + 2*y - 1. Let m(v) = -5*f(v) + 2*n(v). Let l be (-4)/(2/(-4)*-2). What is m(l)?
-2
Let m(v) be the third derivative of v**5/15 + v**4/24 + 2*v**2 + 5*v. Determine m(1).
5
Suppose -2*d + 5*d = 12. Let p(f) = f**3 - 4*f**2 + f - 1. Determine p(d).
3
Let q(o) = o**3 + 6*o**2 + 5*o. Let f(s) = s**3 + 2*s**2 + 4*s + 3. Suppose 4*v - 12 = 4, -5*h - 26 = -4*v. Let x be f(h). Give q(x).
0
Let a(g) = g**2 + 3*g - 1. Let l be a(-4). Suppose -j - l = 3*p - 13, 18 = 3*j + 3*p. Let w(u) = 1 - 3 - j + 2 - u. Determine w(-5).
1
Let j(r) = -6 + 1 + 10 - 6*r - 4. Calculate j(-1).
7
Let c(q) = 0*q - 3 - 2*q + 5. Give c(6).
-10
Let a(y) be the third derivative of y**6/120 + y**5/60 + y**4/24 + 3*y**3/2 + 10*y**2. Give a(0).
9
Let f be 2 - 7*(2 + -3). Let l be (f + -9)/((-2)/(-2)). Let v(k) = -k + 3. What is v(l)?
3
Let q(o) = -1 + 2*o + 2*o - 2. Let k be (-9)/(-6)*8/6. Calculate q(k).
5
Suppose 2*n - n + 13 = -3*u, 5*n = -4*u - 21. Let r(b) = b**2. Let t(f) = -4*f**2 - 4*f - 3. Let p(s) = -3*r(s) - t(s). Calculate p(u).
3
Let s(r) = 2*r**2 - 2 - 6 + 7 + 4*r - 2*r. Determine s(2).
11
Let b(x) = -x**3 - 2*x**2 + 3*x + 2. Let v be b(-3). Suppose q - 12 = -v*q. Let u(g) = 0*g**2 + 3*g - g**2 + 2 + 2*g - 2*g. Give u(q).
-2
Let n(u) = -u**2 - 1. Let m(p) = 2*p**2 + 4*p + 7. Let z(t) = m(t) + 3*n(t). Calculate z(5).
-1
Let i(l) be the third derivative of l**6/120 - l**5/10 + 5*l**4/24 + 2*l**3/3 - 26*l**2. Give i(5).
4
Suppose 0*k + 3*k = h + 7, h - 2 = 0. Suppose -4*u - k = -15. Suppose q + 21 - 8 = u*l, -5*l = -2*q - 22. Let o(b) = b. Give o(l).
4
Suppose -q + 2*q - 3 = 0. Let n(b) = -2*b + 3. Let i be n(q). Let f(p) = -p**3 - 2*p**2 + 2*p - 3. Calculate f(i).
0
Let i(s) = s**3 - 2*s**2 - 5*s + 4. Let t be i(3). Let w(z) = -z**3 - z**2 - 2*z + 1. Calculate w(t).
9
Let p(w) = -w**3 + 6*w**2 - 2*w - 10. Let b be p(5). Let g(t) = t**2 - 7*t + 4. Determine g(b).
-6
Let b(q) = -1 + 3*q**2 + 2*q - 4*q - q**2. Let o(x) be the second derivative of x**5/20 + x**4/4 + x**3/3 - x**2/2 - x. Let l be o(-2). Calculate b(l).
3
Suppose 5*o + 5*h = -10, 3*o - 12 = -2*h + 5*h. Let n(r) = 2*r + 0 + o + 0 + r. Determine n(-3).
-8
Suppose 0*p + 6 = -2*p. Let q(g) be the first derivative of -4*g + 1 - 1/2*g**2. What is q(p)?
-1
Suppose 0 = -3*l - 66 + 3. Let g = l - -20. Let r(x) = 6*x - 1. Calculate r(g).
-7
Let n(m) = m**2. Let g(h) = 3*h**2 - 8*h - 8. Let s(w) = g(w) - 4*n(w). Determine s(-6).
4
Let n(y) = y - 8. Let s = -3 + 6. Suppose -4*z - f = -3, 0*f + s*f - 9 = 0. Give n(z).
-8
Let q = 14 + -8. Let b(l) = -2*l + 5. What is b(q)?
-7
Let c(r) = 6*r**2 + r. Suppose -11 - 1 = 3*p. Let y be (4 - (-3 + 4)) + p. Give c(y).
5
Let q(n) = -2*n - 3 + 3 - 1. Suppose -13*c - 92 = -27. Give q(c).
9
Let c(r) be the third derivative of r**4/3 - r**3/3 + 24*r**2. Determine c(-3).
-26
Let y = -31 - -8. Let m = -15 - y. Let d(t) = t**2 - 6*t - 11. Calculate d(m).
5
Let a(p) = p + 17*p - 19*p + 10. Calculate a(9).
1
Let b(o) = o**2 + 3*o - 1. Let d be b(-4). Let v(c) = -3*c + 1. Give v(d).
-8
Let j(a) = -2*a**2 - 4*a - 5. Let n(z) = -z**2 - 3*z - 4. Suppose -6*i + 8 = -8*i. Let v(o) = i*j(o) + 5*n(o). Calculate v(1).
4
Suppose 5*f - 2*f = -5*b + 10, -5*b - 50 = -3*f. Suppose 3*w = w - f. Let j(t) = t**3 + 4*t**2 - 7*t - 7. Determine j(w).
3
Let x(h) = -2 - 2*h**3 + 3*h + 3*h**2 + h**3 + 0*h**2 + 0*h**3. Suppose 5*z - 6 = 3*z. Determine x(z).
7
Let q be 1/4 - (-5)/(-4). Suppose w + 5*c + 0 + 13 = 0, 5*c + 15 = 0. Let v(i) = i + 2*i - 4*i - 3 + w. Determine v(q).
0
Let m(c) = -c**3 - 2*c**2 - 8. Let q(p) = p**2 - p - 1. Let j(b) = -m(b) + 2*q(b). Suppose 4*t + 3*w + 14 + 18 = 0, -2*t - 3*w - 22 = 0. Give j(t).
-9
Let c(g) = g + 1 + g - 4. Let l = -667 - -669. What is c(l)?
1
Let p(d) = -13*d**2 + 7*d - 12. Let y(g) = -3*g**2 + 2*g - 3. Let r(q) = 2*p(q) - 9*y(q). Let t(c) be the first derivative of r(c). Give t(3).
2
Let z(h) be the first derivative of h**4/6 + h**3/6 + h**2/2 - 7*h + 5. Let c(x) be the first derivative of z(x). What is c(-1)?
2
Let c(i) = 8*i - 2 + 0 - 9*i. Give c(-6).
4
Suppose -2*l - 2*z = -7*z - 16, 0 = 3*l + 3*z - 3. Let f(w) = -w**3 + 4*w**2 - 3*w - 2. Calculate f(l).
-2
Suppose q = -3*q. Suppose q = -3*m + 2 - 5. Let h(k) = 2*k. Give h(m).
-2
Let m(j) = -j + 7. Let l be m(5). Suppose 7*n + 15 = f + l*n, 0 = -f - 2*n - 13. Let k(z) = 3*z + 1. Let r(y) = -y. Let i(c) = -k(c) - 2*r(c). Give i(f).
4
Let c(r) = -r**2. Suppose -40 = -0*v + 2*v. Let h be (-8)/v + 14/(-10). Let d(g) = -2*g**2 - 7*g - 8. Let z(n) = h*d(n) + c(n). What is z(-6)?
2
Suppose -30 = -6*c + c. Let j(i) = i**2 - 6*i + 6. Determine j(c).
6
Let f(a) = -4*a + 4. Suppose 3*p + 2*s - 11 = 0, p + 2*s = -2*s + 7. Give f(p).
-8
Let i(z) = z**3 + 4*z**2 - 5. Suppose 3*u - 17 = -5. Suppose 0*d - u = d. Calculate i(d).
-5
Let g(n) = n**3 + 8*n**2 - 2*n - 11. Let r be g(-8). Suppose -r*o + 0*o = -30. Suppose t - o*t + 15 = 0. Let i(h) = -h**3 + 4*h**2 + h - 3. Give i(t).
9
Let v be 2/(-6)*(5 + -11). Suppose -y = -3*y + 5*u - 66, 72 = -v*y + 2*u. Let m be y/(-8) - (-4)/16. Let j(h) = h - 7. Calculate j(m).
-2
Let w(n) = 2*n**2. Let k(y) = y**3 + 7*y**2 - 1. Let j be k(-7). Determine w(j).
2
Let z = 13 - 17. Let f(a) = -a**3 - 3*a**2 + 2*a - 4. Determine f(z).
4
Suppose -2*m + 7*m = 20. Let c(d) = 1 - 3 + 2*d + m. What is c(2)?
6
Let t(v) be the second derivative of v**3/2 + 5*v**2/2 - 12*v - 1. What is t(-6)?
-13
Let u(p) = -p**2 + 23*p + 30*p - 6 - 61*p. Give u(-7).
1
Let d be -2 + 3*4/(-6). Let u(i) = -i**3 - 4*i**2 - 2*i + 4. Calculate u(d).
12
Let u(s) = 3*s - 1. Suppose 0*m = 2*m + 4. Determine u(m).
-7
Let g(l) = -5*l**2 - 4 - 2*l**2 + 6*l**2 - 5*l. Calculate g(-4).
0
Let l be (290/(-232))/((-1)/4 + 0). Let j(s) = -s**3 + 5*s**2 + 5. What is j(l)?
5
Let s(u) be the first derivative of -u**3/3 - u**2/2 + 5*u - 17. Suppose 5*v - 18 = 12. Let z be (-4)/v - (-2)/3. Calculate s(z).
5
Suppose 0 = k - 5*y + 4*y - 4, -5 = -3*k - 4*y. Let r(m) = 74*m**2 - 2 - 2 - 75*m**2. Calculate r(k).
-13
Let i(s) = 7*s + 4. Let t(o) = 8*o + 5. Let y(w) = 5*i(w) - 4*t(w). Suppose -f - 16 = -0*f - 4*q, f + 4*q = 8. Give y(f).
-12
Let m be (-1)/(-1)*(-5 - -5). Let o(j) = -j**3 - 3*j - 5*j**2 + 10 - 5 + m*j**3. Give o(-4).
1
Let m(c) = c**2 - c + 1. Let s(i) be the second derivative of i**5/20 + 7*i**4/12 - 5*i**3/6 - i**2/2 + 4*i. Let h(l) = 2*m(l) - s(l). Give h(-5).
-12
Suppose -3*g - 6 = -2*m + 7, 2*g = 5*m - 16. Let p(q) = 7*q**2 - 2*q + 1. What is p(m)?
25
Let a(y) = -y**2 + 3*y - 3. Suppose -6*z = -4*z - 4. Let p(f) = -3*f**z + 9*f + 3 + 0*f**2 - f**2 + 3*f**2. Let d be p(9). What is a(d)?
-3
Suppose -6 = -4*k - 2*g + 5*g, 0 = -3*k + 4*g + 8. Let w(q) = 7 + 0*q + k + 0*q + q. Determine w(-6).
1
Let v(l) be the first derivative of 3*l**2 + l - 16. Calculate v(-3).
-17
Let i(